uppose -4*p - 7*o + 305 = -x*o, -4*p = -o - 275. Calculate the remainder when 209 is divided by p.
69
Suppose 2294 = 4*n - l, -81*n + 79*n + 4*l + 1140 = 0. Calculate the remainder when n is divided by (-20)/15*45/(-10).
4
Let w(k) = 2*k**2 - 412*k + 8107. Let a = -28 + 60. What is the remainder when a is divided by w(22)?
10
Let z = -10177 + 10381. What is the remainder when 1009 is divided by z?
193
Suppose -2*t + 5*k = -10, 82 = 5*t + 68*k - 71*k. Calculate the remainder when 94 is divided by t.
14
What is the remainder when (1124 + (-3 - -1))*15/660*22 is divided by 273?
15
What is the remainder when 266 is divided by ((-36)/(-2))/((-42)/(-189)*(-36)/(-28))?
14
Suppose -13 = 91*t - 92*t. Let r = -5 + 7. Suppose 0 = -r*h - 3*h + 5*b + 15, 5*h = -5*b + 55. What is the remainder when t is divided by h?
6
Let t = -3850 + 3877. Suppose 0 = g + 4*g - 1615. Calculate the remainder when g is divided by t.
26
Suppose 4*h - 5*a - 529 = -4*a, 0 = 5*a + 25. Calculate the remainder when 672 is divided by h.
17
Let w = 17 - 173. Let v = -97 - w. Calculate the remainder when v is divided by 21.
17
Let v(h) = -21*h**2 - 20*h - 79. Let z be v(-11). What is the remainder when z/(-3) + (8*-3)/4 is divided by 38?
34
Let m(g) = -g**3 - 20*g**2 - 2*g - 7. Suppose 0 = -s + y - 20, -5*y - 20 = -3*s + 4*s. Calculate the remainder when m(s) is divided by 18.
15
Let g(o) = o**3 - 3*o**2 + 4*o - 22. What is the remainder when 260 is divided by g(5)?
20
Let a be (-1)/1 + 54/6. Suppose -2*u + a*u - 582 = 0. Suppose 2*r + 5*l = -9 + u, 5*r + 5*l - 250 = 0. What is the remainder when 159 is divided by r?
51
Suppose 0 = 2*f - 3*r + 2, -6*r + 2*r + 4 = -4*f. Calculate the remainder when 81 is divided by f/8 - (-4901)/232.
18
Let g = -17 - -10. Let v(t) = 2*t**2 - 8*t - 7. What is the remainder when v(g) is divided by 5?
2
Let k(d) = -d**2 + 77*d - 435. Calculate the remainder when 432 is divided by k(8).
81
Let h = -591 - -593. Suppose -4 = 10*a - 12*a - 5*k, 3*k = h*a - 36. Suppose v + 15 = q - v, 10 = 5*v. What is the remainder when q is divided by a?
7
Let b = 929 + 203. Suppose 5*f + 882 = b. What is the remainder when 170 is divided by f?
20
Calculate the remainder when (-12066)/(-15) - (-6)/10 is divided by ((-4)/((-32)/(-100)))/((-475)/3420).
85
Let l = 6 - 6. Suppose 2*v + 2*a - 34 = l, -3*v = -0*v - 2*a - 51. What is the remainder when (-119)/(-4) + 0 + 3470/2776 is divided by v?
14
Let g(k) = 32*k**3 - 69*k**3 + 36*k**3 + 5*k + 10 + 18*k**2. Let x be g(8). Suppose -4*p = 6*p - x. Calculate the remainder when p is divided by 10.
9
Let v be (-2 - -7)/((-1)/(-3)). Suppose j - 1 - v = 0. What is the remainder when (0 + -1)/(16/(-736)) is divided by j?
14
Suppose -3*q = -8*q - d + 115, 5*d + 25 = 0. Let u(h) = 18*h**2 - 403*h - 86. Calculate the remainder when u(23) is divided by q.
23
Suppose 8 = 2*i - 22. What is the remainder when (592/96)/((-2)/(-12)) is divided by i?
7
Let h(l) = -l - 1. Let f(b) = b + 22. Let k(w) = -f(w) - 2*h(w). Let r be k(21). Let p(i) = 111*i**2 - 2. Calculate the remainder when p(r) is divided by 14.
11
Suppose 7*m + 5084 = 4*q + 3*m, -3*m = q - 1291. Suppose 5*w - 63*w = -q. Calculate the remainder when 41 is divided by w.
19
Let d be -1*(2 + -6)*12. Let f = d - 21. Calculate the remainder when f is divided by 20 + -1*(-208)/(-16).
6
Suppose 0*o + 22*o - 621 - 1447 = 0. Calculate the remainder when 2443 is divided by o.
93
Let i = 332 + -172. Let s(p) = -17*p + 48. Let d be s(-6). Suppose l + 68 = 3*g, 4*l + d - 39 = 5*g. What is the remainder when i is divided by g?
22
Let w = 1340 - 1150. What is the remainder when 590 is divided by w?
20
Suppose 0 = -92*a + 20529 - 4337. Calculate the remainder when 269 is divided by a.
93
Let j be 5082/5 - (-4)/(-10). Suppose 20*y + j = 28*y. Calculate the remainder when y is divided by 26.
23
Suppose 4*r + 5*q = 1703, -q - 851 = -2*r - 4*q. What is the remainder when r is divided by 87?
79
Let k be ((-350)/25)/((-2)/3). Suppose 0 = 4*b + q - k, -4*b + 0*q = -4*q + 4. Calculate the remainder when 52 is divided by b.
0
Suppose 0*u - 39 = -3*u. Let k(w) = -w**2 - 22*w - 23. Let j be k(-20). Let r = j + 8. Calculate the remainder when r is divided by u.
12
Let j(w) = w + 135. Calculate the remainder when j(22) is divided by 16.
13
Let m(v) = -v**3 + 41*v**2 - 299*v - 72. Calculate the remainder when m(29) is divided by 336.
5
What is the remainder when 2*(1 - 50/(-4)) is divided by 124/18 + 24/(-84) + 50/126?
6
Let y = -15720 + 18300. What is the remainder when y is divided by 859?
3
What is the remainder when (-1594996)/(-185) + ((-8)/(-5))/4 is divided by 88?
86
Let j(b) = -1162*b - 6965. Suppose -50 = -0*l - 2*l. Calculate the remainder when l is divided by j(-6).
4
Calculate the remainder when ((-4 - 8)/36)/((-3)/4077) is divided by 13.
11
Suppose -10*a - 21 = 49. Calculate the remainder when (-12 + 33)/a + (0 - -178) is divided by 60.
55
Suppose 5*b - 20 = -0*b, -b - 36 = -4*t. What is the remainder when 44 is divided by t?
4
Suppose -1579 = -10*s - 779 + 2850. What is the remainder when s is divided by 54?
41
Let r(x) = 2*x**3 + 39*x**2 - 19*x + 79. What is the remainder when r(-20) is divided by 46?
13
Let a = 363 - -474. Calculate the remainder when a is divided by 60.
57
Suppose -33*f + 647 + 1102 = 0. Calculate the remainder when 202 is divided by f.
43
Let g be ((-5)/(-15)*-2)/((-2)/129). Suppose -5*d = -202 - g. Calculate the remainder when d is divided by (3 + -37)/(-1 + -1).
15
Suppose -12816 = -8*r - j, 240 - 6648 = -4*r - j. Calculate the remainder when r is divided by 51.
21
Let i(n) = 2*n - 14. Suppose 30*f = 6*f + 835 - 787. What is the remainder when i(13) is divided by f?
0
Let o = 0 + 4. Let w be o - 5/((-10)/96). Suppose -2*s + 0*s = -w. What is the remainder when 153 is divided by s?
23
Let l(g) be the first derivative of -g**4/4 - 2*g**3 + 4*g**2 + 10*g + 2. Suppose -10*u + 644 = 2*u + 34*u. Calculate the remainder when u is divided by l(-7).
2
Let f(i) = -58*i - 514. What is the remainder when 1909 is divided by f(-9)?
5
Let s = 18945 - 18934. What is the remainder when 5872 is divided by s?
9
Let c(u) = 37*u**3 - 1. Let x be 6/(-2)*4/(-6). Let l be x/(-6)*2*15/(-10). Calculate the remainder when 141 is divided by c(l).
33
Suppose -71*n + 952 + 127 - 85 = 0. Let f(w) = 2*w + 10. What is the remainder when f(7) is divided by n?
10
Suppose -28*h + 34*h - 1860 = -4*v, -4*h = -v - 1262. What is the remainder when h is divided by 74?
18
Let g = -432 + 469. Let f = g - -67. What is the remainder when f is divided by 12?
8
Let s(a) = -a**2 - 8*a + 38. Let q be s(-11). What is the remainder when 46 is divided by 13 - ((q - 12) + 4)?
14
Suppose 0 = 5*s - 3*s - 5*d - 149, -2*s + 3*d = -155. What is the remainder when 219 is divided by s?
55
Suppose -25*f - 26 + 126 = 0. Suppose 4*v = -f*g + 84, 3*g - 10*v + 12*v = 59. Calculate the remainder when 456 is divided by g.
14
What is the remainder when 1531 is divided by 7/(-25 - 38184/(-1524))?
7
Let p = 29280 - 29185. Calculate the remainder when 847 is divided by p.
87
Suppose -5*o = 9 - 114. Let v(i) = -21*i - 60. Calculate the remainder when o is divided by v(-3).
0
Let b = -28 - -65. Suppose 4*w - 7 = b. Suppose 0 = -2*z + w*z - 333. What is the remainder when z is divided by 13?
11
Suppose -2*v + y + 76 = 0, -61*y + 59*y + 199 = 5*v. Calculate the remainder when ((-2)/(-4))/(1/310) is divided by v.
38
Suppose -3*o - s + 103 = 0, 2*o - 57 = 5*s - 11. Calculate the remainder when 820 is divided by o.
28
Let z(v) = 18*v**2 + 8*v + 1. Let a be z(-3). Suppose 3*q + 14*y - a = 19*y, q + 4*y - 18 = 0. Calculate the remainder when 84 is divided by q.
8
Suppose 0 = 2*y - 21 - 57. Calculate the remainder when y is divided by 261/12 - 9/12.
18
Suppose -5*q = -2*l - 727 - 222, -2*q + 370 = 4*l. Let r = 227 - q. Calculate the remainder when 62 is divided by r.
24
Suppose 5*f = 5*d - 115, -66*f + 150 = 5*d - 64*f. Suppose -3*h = 9, -h = -2*a + 4 + 35. Let k = 127 - a. What is the remainder when k is divided by d?
25
Suppose -w + 829 = 4*l, 5*l + 3*w = -w + 1039. What is the remainder when l is divided by -6 + (-112)/(-18) + 266/18?
12
Let s = 76 + -71. What is the remainder when 1 - s - 7/((-14)/102) is divided by (8/(-5))/((-8)/120)?
23
Suppose 